ate the highest common factor of 28482 and 3838.
202
What is the greatest common factor of 189976 and 32?
8
Calculate the highest common divisor of 28626 and 6318.
78
Calculate the greatest common factor of 162 and 77886.
18
What is the greatest common factor of 120547 and 102?
17
What is the greatest common factor of 422445 and 115?
5
Calculate the highest common divisor of 150 and 21350.
50
What is the greatest common factor of 13125 and 31125?
375
Calculate the highest common divisor of 12088 and 16.
8
What is the greatest common divisor of 443376 and 9?
9
What is the highest common factor of 62112 and 480?
96
What is the greatest common divisor of 253012 and 1032?
172
What is the highest common divisor of 122724 and 6552?
252
What is the highest common factor of 11144 and 504?
56
Calculate the greatest common divisor of 6 and 85902.
6
What is the greatest common factor of 182260 and 247?
13
What is the greatest common divisor of 26087 and 513?
19
Calculate the highest common divisor of 543 and 2353.
181
Calculate the highest common factor of 80 and 29168.
16
What is the greatest common factor of 1856 and 52432?
464
What is the highest common factor of 3219 and 2109?
111
Calculate the highest common divisor of 3306 and 475.
19
What is the greatest common divisor of 600 and 23640?
120
Calculate the greatest common divisor of 20132 and 140.
28
What is the greatest common divisor of 346122 and 252?
126
What is the highest common divisor of 825 and 3135?
165
Calculate the greatest common factor of 455 and 431522.
91
What is the greatest common factor of 203 and 33640?
29
Calculate the greatest common factor of 12 and 1011.
3
Calculate the greatest common factor of 37116 and 378.
18
Calculate the greatest common divisor of 6468 and 516747.
231
What is the greatest common factor of 117102 and 870?
174
What is the greatest common factor of 60 and 562650?
30
What is the greatest common factor of 1764 and 132692?
196
Calculate the greatest common divisor of 1162987 and 7.
7
Calculate the highest common divisor of 4061 and 1965.
131
What is the greatest common divisor of 8330 and 1360?
170
What is the greatest common factor of 24 and 127380?
12
Calculate the highest common factor of 57636 and 144.
36
Calculate the greatest common factor of 10 and 352790.
10
What is the highest common divisor of 597762 and 4554?
198
Calculate the highest common divisor of 60417 and 735.
147
What is the greatest common factor of 54 and 18441?
27
Calculate the highest common factor of 18 and 2264442.
6
Calculate the greatest common divisor of 25430 and 20.
10
Calculate the greatest common divisor of 967000 and 12.
4
What is the greatest common factor of 210986 and 3038?
62
Calculate the greatest common factor of 436 and 143880.
436
What is the highest common divisor of 72504 and 12996?
684
Calculate the highest common factor of 2551960 and 10.
10
What is the highest common divisor of 10602 and 12426?
114
What is the highest common divisor of 2562 and 17507?
427
Calculate the highest common divisor of 120 and 3264.
24
Calculate the greatest common divisor of 6509 and 529.
23
Calculate the highest common divisor of 231578 and 890.
178
Calculate the highest common divisor of 66 and 13904.
22
What is the highest common divisor of 5875 and 1100?
25
Calculate the greatest common divisor of 63455 and 740.
185
Calculate the greatest common factor of 23412 and 12.
12
Calculate the greatest common divisor of 25440 and 204951.
159
What is the greatest common divisor of 259 and 23125?
37
What is the greatest common factor of 446 and 249091?
223
Calculate the highest common factor of 35556 and 96.
12
What is the highest common factor of 4 and 1676?
4
Calculate the greatest common factor of 453494 and 394.
394
Calculate the greatest common divisor of 11 and 66121.
11
What is the highest common divisor of 19445 and 55?
5
Calculate the highest common divisor of 5994 and 2754.
162
What is the highest common factor of 4252528 and 2064?
688
Calculate the greatest common divisor of 48 and 26148.
12
What is the highest common divisor of 8 and 37792?
8
What is the greatest common divisor of 278 and 36418?
278
Calculate the highest common factor of 126 and 265986.
126
Calculate the highest common divisor of 7292565 and 27.
27
Calculate the highest common divisor of 160 and 17640.
40
What is the greatest common factor of 141017 and 83?
83
What is the greatest common divisor of 24566 and 284?
142
What is the greatest common factor of 6489 and 11845?
103
What is the highest common divisor of 182642 and 536?
134
Calculate the greatest common factor of 539168 and 6048.
224
What is the highest common divisor of 23884 and 112?
28
What is the highest common divisor of 928226 and 1235?
247
What is the highest common factor of 81 and 2599209?
81
Calculate the greatest common divisor of 1549703 and 17.
17
What is the greatest common divisor of 116503 and 226?
113
What is the greatest common factor of 55796 and 104?
52
Calculate the greatest common factor of 240 and 8543280.
240
Calculate the greatest common divisor of 24 and 1944.
24
What is the highest common factor of 1528 and 70097?
191
Calculate the highest common divisor of 22 and 1371854.
22
What is the highest common divisor of 39035 and 1480?
185
What is the greatest common divisor of 6372 and 864?
108
Calculate the greatest common divisor of 45856 and 7136.
32
Calculate the greatest common divisor of 1911224 and 16.
8
Calculate the greatest common factor of 33720 and 600.
120
What is the highest common factor of 2514 and 4142234?
838
What is the greatest common divisor of 1368 and 247684?
76
What is the highest common divisor of 1365 and 6695?
65
Calculate the highest common divisor of 1331 and 22748.
121
What is the greatest common divisor of 1134 and 152523?
567
Calculate the greatest common divisor of 180577 and 359.
359
What is the highest common factor of 356697 and 341?
11
What is the highest common divisor of 18491 and 55?
11
Calculate the greatest common divisor of 1450 and 167910.
290
Calculate the highest common factor of 3744 and 5184.
288
What is the greatest common divisor of 166 and 834233?
83
Calculate the highest common divisor of 50340 and 150.
30
What is the highest common factor of 168 and 64152?
24
Calculate the greatest common divisor of 28 and 661318.
14
What is the highest common factor of 8 and 103276?
4
What is the highest common factor of 1656 and 9432?
72
What is the highest common factor of 8 and 3365336?
8
What is the highest common factor of 1839 and 400289?
613
What is the greatest common divisor of 17 and 3275849?
17
Calculate the highest common factor of 1924 and 1516593.
481
What is the greatest common factor of 71396 and 260?
52
Calculate the highest common divisor of 106 and 1290974.
106
Calculate the greatest common divisor of 961298 and 52.
26
Calculate the highest common divisor of 14375 and 943.
23
What is the highest common factor of 42 and 4584153?
21
What is the highest common divisor of 6604 and 127?
127
Calculate the greatest common divisor of 614205 and 45.
45
What is the greatest common factor of 60 and 105160?
20
What is the highest common factor of 23 and 4588408?
23
What is the greatest common factor of 116128 and 13376?
608
Calculate the greatest common factor of 1450 and 388310.
290
Calculate the greatest common divisor of 9 and 547659.
9
Calculate the highest common factor of 2192 and 9727.
137
Calculate the greatest common factor of 3025 and 45.
5
Calculate the greatest common divisor of 38 and 49267.
19
What is the highest common factor of 74 and 51097?
37
What is the greatest common divisor of 348212 and 526?
526
Calculate the highest common divisor of 7008 and 158556.
876
Calculate the highest common divisor of 47 and 310858.
47
What is the highest common factor of 54 and 2333052?
18
Calculate the highest common divisor of 2331 and 562030.
259
Calculate the highest common divisor of 139094 and 51.
17
What is the highest common factor of 2848724 and 68?
68
What is the greatest common divisor of 76 and 13129?
19
What is the greatest common divisor of 2619 and 4559?
97
What is the greatest common factor of 375 and 332025?
75
What is the highest common factor of 28764 and 576?
36
Calcula